 Let p be 14/8*(-12 - y). Let o = p - 87. Is o a prime number?
False
Suppose 15*s = 16*s - 1078. Suppose 269 + s = 3*m. Is m a composite number?
False
Let i(o) = 2*o**2 + o - 4. Let h = 95 - 102. Is i(h) a composite number?
True
Let c(s) = -57*s + 1. Let u be c(-5). Suppose 5*o + 1354 = 3739. Let q = o - u. Is q composite?
False
Is (-1)/(-4 - 66328/(-16584)) composite?
True
Let z(m) = m + 12. Let w be z(-12). Suppose -6 = -2*l - w. Suppose 112 = 3*n - y, -3*n - l*y + 54 = -78. Is n a composite number?
True
Is 6353/(8/(-2) - (1 + -6)) composite?
False
Is (2/(-6))/(19/(-886863)) composite?
False
Suppose 622*a - 19586 = 620*a. Is a a prime number?
False
Suppose 5*a = 2*r + 33036 + 20975, -5*a - 2*r + 53999 = 0. Is a a composite number?
True
Suppose 4*l + 7 = -9. Let h(k) = -k**2 - 3*k - k**3 - 3 + 2*k**2 - 5*k**2 + 3*k**2. Is h(l) a prime number?
False
Suppose 0*j + j - 3*w - 6448 = 0, -4*j - w = -25753. Is j prime?
False
Suppose -4*y + y = 0. Suppose y = l + l - 1346. Suppose 5*k + 1130 = 5*v, 2*k = 3*v - 0*k - l. Is v a prime number?
False
Suppose -4 = 4*h, -301 = 4*a - 3*a - 5*h. Let o = a + 997. Is o prime?
True
Let d = -445 + 6452. Is d composite?
False
Let m be ((-7)/(-2))/(11/1188). Let f be ((-215)/(-1))/(1/(-1)). Let t = m + f. Is t prime?
True
Suppose 2*k - 15572 - 110 = 0. Is k prime?
True
Suppose 2*m - 220 = -3*m. Is m*(4*1 + (-12)/(-48)) composite?
True
Suppose -4*u - 3*i - 2 + 3 = 0, 25 = 5*u - i. Suppose 2*y + 3*r = 1011, -u*y + r + 3*r = -1992. Is y a prime number?
False
Suppose 4*n - 12 = -0*n. Let g be (n*3)/(7/(-42)). Let i = g + 203. Is i a prime number?
True
Suppose 3*h + 30020 = 5*o - 0*h, -4*o = 5*h - 24053. Is o prime?
True
Let x be (-6)/(-24)*-6*-2. Suppose 0 = x*o - 4266 + 1599. Is o a composite number?
True
Let m(f) be the third derivative of -f**6/60 - 11*f**5/60 + 19*f**4/24 - f**3/2 - 5*f**2. Is m(-10) a prime number?
False
Let k = -6752 - -9529. Is k prime?
True
Suppose 4*h + 323 = -2*g + 3*g, -2*h - 2*g - 164 = 0. Let z = 212 + h. Is z prime?
True
Suppose -3*v + 9 = 21. Let k(h) = -3*h**3 - 4*h**2 + 5*h + 1. Is k(v) prime?
True
Suppose -21246 = -3*b + 4623. Is b composite?
False
Let d be (12/(-5))/(20/(-350)). Suppose 0 = 5*y + 25, 6 + d = 2*r + 4*y. Is r a composite number?
True
Let l = -33 + 37. Suppose -5*y + 3 + 976 = 3*d, -3*d = l*y - 785. Is y composite?
True
Suppose 2*f - 4*m - 561 = 1385, -8802 = -9*f + 3*m. Is f prime?
False
Let h(b) = -b**2 - 8*b + 20. Suppose 0 = -n - 4, y + 4 = -3*n - 17. Let t be h(y). Suppose 24 = 5*d - t. Is d composite?
False
Let f = 276 - 14. Let k = f + 479. Suppose 0 = -5*l + k + 314. Is l prime?
True
Is (-7)/(-5 + 1770/355) prime?
False
Let j(p) be the third derivative of 25*p**4/24 + 4*p**3/3 - 28*p**2. Is j(5) prime?
False
Suppose -88*i + 78*i = -55070. Is i a prime number?
True
Suppose 0 = -30*i - 16*i + 111734. Is i prime?
False
Let h(u) = 2*u**2 + 10*u + 43691. Is h(0) a prime number?
True
Let y(u) = 16*u**2 + 3*u - 1. Suppose 0 = -4*j + 5*j - 4*g + 3, 2*j = -2*g - 6. Let p = 0 + j. Is y(p) a composite number?
True
Let v(a) = -a + 5. Let u be v(25). Let i = 129 - u. Is i a prime number?
True
Let v = 88784 + -63121. Is v a prime number?
False
Let n be 3 - (104/6)/(1/15). Let f = n + 634. Is f prime?
False
Let g = 2017 - -3924. Is g prime?
False
Let n = -597 - -1594. Is n a composite number?
False
Suppose 24 - 4 = 5*k. Let p be 214/(2 - 4/3). Suppose 2*f - 408 = -2*b, 2*b - k*f - p - 93 = 0. Is b prime?
False
Suppose 2*f = -2*f + 8. Let m = 56 - -461. Suppose -f*r = -3*i - m, -93 = r - i - 349. Is r a prime number?
True
Let a = 68136 + -24397. Is a a prime number?
False
Let t be (-3099)/(-2)*(-2)/(-3). Let f be 1/(-5) - 2807/(-35). Let r = t - f. Is r composite?
False
Let u be (-271)/4 - (-6)/(-24). Let g be (46/8)/((-1)/u). Let t = -140 + g. Is t prime?
True
Let d be -3*5/(-15)*3. Suppose -d*m = -v + 1777, v - 2*m = 5*v - 7094. Suppose -j - j = -v. Is j a composite number?
False
Let x = 255 + -458. Let l(j) = -j**2 + 6*j + 5. Let g be l(7). Is g - 4/(-2) - x composite?
True
Let w(s) = 2898*s + 155. Is w(9) a composite number?
False
Let k(h) be the second derivative of h**4/12 + 5*h**3/3 + 21*h**2/2 + 6*h. Let z be k(-9). Suppose -4 = -4*q + z, 2*b - 5*q - 1062 = 0. Is b composite?
False
Let m = 37557 - 16984. Is m a prime number?
False
Let l = 6025 - -3268. Is l a composite number?
False
Suppose 13173 = 47*i - 44*i. Is i a prime number?
True
Let w = 38 + -34. Suppose 68 = w*o - 8. Is o composite?
False
Suppose 4*v + 421397 = 5*h - 172042, 0 = 2*h - v - 237378. Is h composite?
False
Let v(b) = 2*b**3 - 19*b**2 - 25*b + 13. Let f be v(17). Let m = 12120 - f. Is m prime?
False
Suppose -d + 28149 = -12*k + 10*k, d - 5*k - 28161 = 0. Is d composite?
True
Let l(s) = -1 + 0*s + 3*s**2 + 3 + 3*s + s - 48*s**3. Is l(-3) a prime number?
False
Suppose 2*y + 1 + 31 = 0. Let u = 9 + y. Let q = u + 92. Is q composite?
True
Suppose -a + 4 = 0, 5*a + 13 + 3 = 4*b. Let r(k) = 34*k**2 + 14*k - 17. Is r(b) composite?
True
Let n = 841 + -1845. Let d = -558 - n. Is d composite?
True
Let l(z) = -516*z + 29. Is l(-7) composite?
True
Suppose 0*r + 4*r = -4. Is (-473 + r)*2/(-4) a prime number?
False
Suppose -18*u + 16*u = 4*i - 11722, -3*i = -5*u + 29279. Is u a composite number?
False
Let j(x) = -2*x**2 - 7*x - 3. Let o be j(-3). Suppose -4*z - 407 + 17211 = o. Is z a composite number?
False
Suppose -k + 24 + 5 = -4*l, -5*l - 49 = 3*k. Let g be (-3)/6*-6 + l. Is -3 + 1 - (g - 0) prime?
True
Let s(f) = f**3 + 5*f**2 - 2*f - 7. Let q be s(-5). Let g = q - 3. Suppose -5*c + c + 436 = g. Is c a prime number?
True
Suppose -2*c + c + 5 = 0. Suppose 3*a + 5 = -2*u, 4*u + 9 = -c*a + 2. Suppose 4*s - 65 - 141 = u*n, 3*s = 3*n + 150. Is s a prime number?
True
Suppose 2*k + 6124 = 10*f - 5*f, 5*f - k - 6127 = 0. Is f a prime number?
False
Let i(m) = -71*m + 8. Let r(p) = -355*p + 39. Let b(g) = -11*i(g) + 2*r(g). Let f = -2524 - -2531. Is b(f) a prime number?
True
Suppose 2*v - 1 - 9 = 0. Suppose 4*p + q - 764 = -3*q, v*p + 2*q = 955. Is p composite?
False
Is -44 + 48 + 1*8267 - 2 prime?
True
Suppose -10*a - 4742 = -2*w - 15*a, -w + 2*a + 2353 = 0. Is w prime?
False
Suppose 45*b - 50*b = -9515. Is b a composite number?
True
Let u(m) = -m**3 - 18*m**2 - 37*m - 117. Is u(-31) prime?
True
Suppose 214 = h - 1347. Is h prime?
False
Suppose -2*c - 10 = 3*c. Let l be (-4)/8*(-28)/c. Let p(i) = i**3 + 9*i**2 - 3*i - 10. Is p(l) prime?
True
Let v = -7 - -86. Is v prime?
True
Let s(d) = -5*d**3 - 4*d**2 + 6. Let f be s(6). Let q = f + 2105. Is q composite?
False
Let r = 101 - 103. Is (-3)/9*1011*(-3 - r) composite?
False
Suppose -q + 181 = 2023. Let l = q - -3511. Is l composite?
False
Is (2957/(-5))/(5*(-2)/50) composite?
False
Suppose 0 = 3*j + 2*x - 1982, 5*j + 0*x - 3305 = -3*x. Suppose -221 - j = -5*y. Is y prime?
False
Let n(l) = 4*l**2 + l + 3*l**2 + 5 - 3*l**2 - 5*l**2. Let r be n(0). Suppose -156 = -3*a + 5*v, -r*a + 3*v + 95 + 149 = 0. Is a a composite number?
False
Let h(m) = 381*m + 136. Is h(11) a composite number?
False
Let p(l) = -79*l**3 - l**2 + l + 2. Suppose -2*g - 13 = 3*g - 2*r, -g = -r + 5. Is p(g) composite?
False
Suppose -h + 2*i - 894 = -2*h, h - 3*i = 914. Let r = h + -436. Suppose 0*o - 2*o = -r. Is o composite?
False
Suppose 5*j + 1089 - 59 = 0. Let x = j + 417. Suppose -2*r + 115 = -x. Is r a composite number?
False
Suppose -216 = -z - 4*i - 71, 2*i = 2. Let o = -80 + z. Suppose -4*a = -583 - o. Is a a composite number?
True
Let x = 18544 + 32571. Is x composite?
True
Let a be 42 + (-2 - (2 + -3)). Let b = 3 + a. Suppose t = 3*t - b. Is t prime?
False
Suppose -5*g - 4*q + 55 = -6*q, 3*g - 47 = 4*q. Let b(m) = m**3 - 5*m**2 + m - 2. Is b(g) a prime number?
True
Is (27682/3)/((-128)/(-192)) a composite number?
False
Let s be (-742)/4 + 2/4. Let p(r) = 962*r. Let j(t) = -31*t. Let g(i) = s*j(i) - 6*p(i). Is g(-1) composite?
False
Suppose -7 = -y - v - 4*v, v - 11 = -5*y. Let m = 378 - 212. Suppose y*w + m = 2*r, -4*r + 203 + 156 = 5*w. Is r prime?
False
Is (99694/84)/(1/6) a composite number?
False
Let n(q) = -4*q**3 + 2*q + 3. Let d be n(-1). Suppose 9*j - d*j = 76. Is j a prime number?
True
Let x = -23 + 14. Is 886 + 7/((-21)/x) a composite number?
True
Let z = 8569 - 2162. Is z a comp